rs of t?
2
List the prime factors of (-2948)/(-18) - (-14)/63.
2, 41
Let v(x) = -3*x**2 - 3*x**3 - 4*x**3 + 4*x**3 + 0*x**3. What are the prime factors of v(-2)?
2, 3
Let j be (1/(-3) + 1)*3. Let h(n) = -n**2 + 4*n - 1. List the prime factors of h(j).
3
Suppose 5*v + 3*v = 424. List the prime factors of v.
53
Let s(d) = 89*d**3 + d**2. List the prime factors of s(1).
2, 3, 5
Let m(g) = -3*g - 1. Let y be m(-1). What are the prime factors of -1 + -2 + y*3?
3
Let t(w) = 14*w - 8. Let i(m) = -7*m + 4. Let l(a) = -5*i(a) - 3*t(a). Let k be l(-4). Suppose 0 = -r - 3*r + k. What are the prime factors of r?
2
Suppose -4*c + 24 = 3*d + d, -4*d + 25 = 5*c. What are the prime factors of (-3)/(-1*(c + 0))?
3
Let v(m) = 3*m - 1. Let z be v(1). Suppose -o - z*x = -7*x - 36, x = 2*o - 81. What are the prime factors of o?
41
Suppose -h + 0*j - 98 = -2*j, h + 101 = -j. Let x = -53 - h. List the prime factors of 2/8 - x/(-4).
2, 3
Let p = -32 - -22. Let r = -5 - p. Suppose r*t + 7 - 62 = 0. List the prime factors of t.
11
Let v be (-1)/(-2) - (-14)/4. Let s be (-5)/((-5)/(-2)) - -5. Suppose 0 = s*c + j - 4 - 4, -3*c + 28 = -v*j. What are the prime factors of c?
2
Suppose 0 = -3*r - 2*r + 325. Suppose 3*h = -4*y + r, -4*y + 0*y + 80 = 4*h. List the prime factors of h.
3, 5
Let h(z) = -25*z - 41. List the prime factors of h(-6).
109
Suppose -2*t + 5*y + 6 = -3, -5*t + y + 11 = 0. Suppose 0*h = 2*z + t*h - 4, 0 = -3*z + 2*h + 21. Suppose z*f = 34 - 4. List the prime factors of f.
2, 3
Suppose 3*f = 8*f - 20. Suppose 5 = -7*v + 2*v. Let g = v + f. List the prime factors of g.
3
Let i = -8 - -5. Let o = i - 1. Let m(z) = -3*z - 1. What are the prime factors of m(o)?
11
Suppose -11*z = -8*z. Let a be (-1)/(1 - 15/12). Suppose -4*b + 48 - 150 = -5*j, z = -3*j - a*b + 42. What are the prime factors of j?
2, 3
Let y(a) = 10*a**2 - 6*a - 2. What are the prime factors of y(3)?
2, 5, 7
Let k(z) = 9*z - 51. Let f(o) = -4*o + 26. Let c = -4 + 11. Let u(r) = c*f(r) + 3*k(r). What are the prime factors of u(12)?
17
Suppose 3 = 2*d + 7, -3*d = 4*j + 6. Suppose 5*h = -t + 20, j = 6*h - 2*h + 5*t + 5. What are the prime factors of h?
5
Let b = -260 - -472. List the prime factors of b.
2, 53
Let d(c) = 3*c**2 + 4*c**2 + 0*c**3 - 5 + 1 + c**3 - 3*c. List the prime factors of d(-7).
17
What are the prime factors of (0 - 1)/5 - (-521)/5?
2, 13
Let v(r) = r**2 + 7*r + 2. Let x be v(-7). List the prime factors of x/((-2)/(-3)) + 1.
2
Suppose -2*h = 2*h - 60. What are the prime factors of h/10 + (-2)/(-4)?
2
List the prime factors of ((-94)/(-7))/(1/7).
2, 47
Suppose -c + 41 = 2*h, -2*c + 78 = 6*h - 4*h. What are the prime factors of c?
37
Suppose m - 152 = -4*h, m + h - 87 = 56. List the prime factors of m.
2, 5, 7
Suppose 2*p = -3*c - 11, p + 0*p + 1 = 3*c. List the prime factors of 8 + (-1 - c)*1.
2
Let g be (-6)/4*28/(-21). Suppose -g*p + 8 = -5*j - 8, 2*p + 5*j = -4. List the prime factors of p.
3
Let t = -85 - -131. Suppose t = 4*d - 142. What are the prime factors of d?
47
List the prime factors of 0*(-6)/12 + 33*5.
3, 5, 11
Let n be (-3 - -5)*(-1)/2. Let l be (-2)/(n + -1) - -3. List the prime factors of l/(2/8*2).
2
What are the prime factors of (-2 + (-321)/6)/(12/(-16))?
2, 37
Suppose y - 109 - 2 = -3*f, -2*y = 2*f - 70. List the prime factors of f.
2, 19
Suppose -5*s + 6*s - 101 = 0. What are the prime factors of s?
101
Let i = 7 + -5. Suppose -i*l = 2*l - 12. What are the prime factors of l?
3
Suppose 0 = -4*b - 20. Let r(u) = -10*u**3 - u. Let p be r(-1). Let c = b + p. List the prime factors of c.
2, 3
Suppose 0 = z - 2*r + 8, -r + 20 = -3*z + 3*r. Let y be (z - -2) + (-1 - -1). What are the prime factors of y + 0 + 5 + 0?
3
What are the prime factors of (-418)/(-6) + (-1)/(2 + -5)?
2, 5, 7
Let w be 0/(-3) - (3 + -16). Let p = w + -10. What are the prime factors of p?
3
What are the prime factors of -3 + 1/(2/10)?
2
What are the prime factors of 46*(2 + -1)/2?
23
Let p be (-30)/9 + 2/6. Let z(y) = -7*y**3 + y**2 + 15*y - 6. Let x(i) = -3*i**3 + i**2 + 7*i - 3. Let b(r) = 9*x(r) - 4*z(r). List the prime factors of b(p).
2, 3
Let w be (-38)/(-10) + 2/10. Suppose -5*t + 0*i + 30 = 4*i, -w*t - 3*i + 23 = 0. What are the prime factors of t?
2
Let i be 7 - 8 - (-1 + 0). Suppose 0*h + h - 23 = i. List the prime factors of h.
23
Let z = -4 + -2. Let v = 0 - -3. What are the prime factors of 40/z*v/(-2)?
2, 5
Let d(g) = g**2 + 5*g + 6. Let i be d(-4). Suppose -7 = -5*s + m, 2*s = 3*s - i*m + 4. Suppose -3*q + 4 = -s*q. What are the prime factors of q?
2
Let y = 32 - 5. List the prime factors of y.
3
Suppose 3 = -x, -y + 81 = -4*y - 4*x. Let m = -13 - y. What are the prime factors of m?
2, 5
Suppose 4*k - 25 - 71 = 0. Suppose -2*a + 0*a + k = 0. What are the prime factors of a?
2, 3
List the prime factors of 17 - (-4 + (0 - -3)).
2, 3
Let h(y) = y**3 + 8*y**2 + 3*y - 2. List the prime factors of h(-5).
2, 29
What are the prime factors of -2 - 2 - -3 - 6/(-1)?
5
Let p be (-73 - -2)/(3 - 4). Suppose -5*l + 74 = -p. List the prime factors of l.
29
Suppose -77 + 245 = 4*n. What are the prime factors of n?
2, 3, 7
Let r(v) = 2*v**2 + 2*v + 12. What are the prime factors of r(-5)?
2, 13
What are the prime factors of (-13 + (-3)/3)*-2?
2, 7
Let z = -75 - -124. Suppose -5*v + 91 = -z. List the prime factors of v.
2, 7
Let r(y) = 5*y**3 - 3*y**2. What are the prime factors of r(2)?
2, 7
Suppose 0 = -i + w + 215, 5*i - 5*w - 424 = 3*i. List the prime factors of i.
7, 31
Let b(s) = -s**2 + 12*s - 7. Let i be b(11). Suppose -40 = -i*y + 4*u, -5*y - 10 = 3*u - 52. List the prime factors of y.
3
Suppose 44 = t + 26. What are the prime factors of t?
2, 3
Let h(r) = -r**3 - 8*r**2 + 10*r + 3. Let o be h(-9). List the prime factors of o/21 + (-148)/(-28).
5
Let p be ((-4)/5)/(4/20). Let s = 12 + p. List the prime factors of s.
2
Let g(k) be the second derivative of k**7/2520 - k**6/180 + k**5/20 - k**4/12 - 2*k. Let a(m) be the third derivative of g(m). List the prime factors of a(4).
2, 3
Suppose 8*i - 2459 = -355. What are the prime factors of i?
263
Suppose -40 = 3*h + 2*n + 31, -2*n = -5*h - 97. List the prime factors of -5*1/5*h.
3, 7
Let g(f) = -2*f**2 - 3*f + 258. What are the prime factors of g(0)?
2, 3, 43
Suppose -p = 9 - 5. Let b = 11 - p. List the prime factors of b.
3, 5
Let c(f) = 3*f**2 - 7*f - 6. List the prime factors of c(6).
2, 3, 5
Let x(k) = k**3 - 5*k**2 - 6*k + 7. Let y be x(6). Suppose -y*d = -2*d - 55. List the prime factors of d.
11
Suppose 3*m - 2*y + 97 = 0, 0 = -3*m + 3*y - 43 - 56. Let r = 59 + m. List the prime factors of r.
2, 7
Suppose l - 3*k - 17 = 0, -2*k = 2*l - 3 + 1. Suppose 2*r + 24 = l*r. List the prime factors of r.
2
Suppose 5*t - 4*n - 7 = 0, -3*t + t = -n - 4. Let q = t + 0. List the prime factors of q.
3
Let w be 3*-9*(-24)/18. Suppose -w + 12 = -2*t. What are the prime factors of t?
2, 3
Let f(u) = -u**2 - 8*u - 11. What are the prime factors of f(-4)?
5
Suppose 0 = -d - 0*d + 5*b + 94, -3*d - 3*b + 354 = 0. Suppose 4*p - 22 = d. List the prime factors of p.
2, 17
Suppose 5*k = 4*f - 33, -f + 0*f = 2*k + 8. List the prime factors of 3 - (2 + 1 - f).
2
Let l(n) = -6*n + 11. Let s(g) = g - 2. Let m(x) = 6*l(x) + 34*s(x). Suppose 2*y + f + f = -2, 0 = 4*y - 3*f + 11. What are the prime factors of m(y)?
2
Let g be (-38)/(-14) - (-8)/28. Suppose 1 = -2*c - g. Let t = 5 + c. What are the prime factors of t?
3
Let i(f) = -2*f**2 + 7*f - 4. Let y be i(4). Let r = 11 + y. Suppose -5*p - z = -76, p - z - 32 = r*z. List the prime factors of p.
2
List the prime factors of ((-865)/15 - -5)/(2/(-3)).
79
Suppose 5*g - 3 = 117. What are the prime factors of g?
2, 3
Suppose 2*b = -0*b + 4. Let c(w) = w + 1. Let g be c(b). Let x = g - -3. What are the prime factors of x?
2, 3
Let m(t) = t**3 - t**2 + t + 12. Let q be m(0). Suppose 4*b + q = 3*p, 4*b = 2*b - p + 4. Let y = 4 - b. What are the prime factors of y?
2
Suppose -s - s - 12 = -3*v, 4 = -4*s + v. Suppose -17 + s = -u. List the prime factors of u.
17
Let p(d) = d**2 - d - 18. Let v be p(0). Let f = v + 38. What are the prime factors of f?
2, 5
Let q(h) = -h**3 + h**2 - 29. Let g be q(0). Let p = g - -56. What are the prime factors of p?
3
Let y(l) = -l**2 - 5*l + 8. Let j be y(-6). Suppose j*f - 4*f = -58. 